{"id":9001,"date":"2025-10-13T13:09:53","date_gmt":"2025-10-13T11:09:53","guid":{"rendered":"https:\/\/institutes.uek.krakow.pl\/kbgsf\/?page_id=9001"},"modified":"2025-10-13T13:09:54","modified_gmt":"2025-10-13T11:09:54","slug":"partnerzy-biznesowi","status":"publish","type":"page","link":"https:\/\/if.uek.krakow.pl\/kbgsf\/partnerzy-biznesowi\/","title":{"rendered":"Partnerzy biznesowi"},"content":{"rendered":"\n<p><strong><br>Wsp\u00f3\u0142praca z praktyk\u0105:<\/strong><\/p>\n\n\n\n<ul class=\"wp-block-list\">\n<li>Wsp\u00f3\u0142praca ze\u00a0<strong>Zwi\u0105zkiem Bank\u00f3w Polskich<\/strong><br>Nale\u017cymy do zespo\u0142u Systemu Standard\u00f3w Kwalifikacyjnych ZBP (dr K. Kil jest cz\u0142onkiem prezydium) i corocznie organizujemy kursy i egzaminy na Europejski Certyfikat Bankowca<\/li>\n\n\n\n<li>Wsp\u00f3\u0142praca z\u00a0<strong>Narodowym Bankiem Polskim<\/strong><br>Organizacja konferencji naukowych w oddziale okr\u0119gowym NBP w Krakowie:<br>2017 \u2013 Banki sp\u00f3\u0142dzielcze w nowym otoczeniu spo\u0142eczno\u2013gospodarczym<br>2019 \u2013 Bankowo\u015b\u0107 emocjonalna \u2013 czego banki mog\u0105 nauczy\u0107 si\u0119 od neobank\u00f3w i fintech\u00f3w?<\/li>\n\n\n\n<li>Wsp\u00f3\u0142praca z programem\u00a0<strong>Santander Universidades<\/strong>\u00a0banku Santander Bank Polska<br>Organizacja corocznej Akademii Bankowej, oraz organizacja konkursu na najlepszego studenta<\/li>\n\n\n\n<li>Wsp\u00f3\u0142praca z bankiem\u00a0<strong>Euroclear<\/strong><br>Organizacja corocznej Euroclear Academy w j. angielskim,<\/li>\n\n\n\n<li>Wsp\u00f3\u0142praca z programem\u00a0<strong>Nowoczesne Zarz\u0105dzanie Biznesem<\/strong>\u00a0realizowanym przez Zwi\u0105zek Bank\u00f3w Polskich<\/li>\n\n\n\n<li>Wsp\u00f3\u0142praca z\u00a0<strong>Warszawskim Instytutem Bankowo\u015bci<\/strong><br>Coroczny udzia\u0142 zespo\u0142\u00f3w pod opiek\u0105 Katedry w\u00a0<strong>grze symulacyjnej FinSim<\/strong><\/li>\n<\/ul>\n","protected":false},"excerpt":{"rendered":"<p>Wsp\u00f3\u0142praca z praktyk\u0105:<\/p>\n","protected":false},"author":1,"featured_media":0,"parent":0,"menu_order":0,"comment_status":"closed","ping_status":"closed","template":"","meta":{"_acf_changed":false,"footnotes":""},"class_list":["post-9001","page","type-page","status-publish","hentry"],"acf":[],"_links":{"self":[{"href":"https:\/\/if.uek.krakow.pl\/kbgsf\/wp-json\/wp\/v2\/pages\/9001","targetHints":{"allow":["GET"]}}],"collection":[{"href":"https:\/\/if.uek.krakow.pl\/kbgsf\/wp-json\/wp\/v2\/pages"}],"about":[{"href":"https:\/\/if.uek.krakow.pl\/kbgsf\/wp-json\/wp\/v2\/types\/page"}],"author":[{"embeddable":true,"href":"https:\/\/if.uek.krakow.pl\/kbgsf\/wp-json\/wp\/v2\/users\/1"}],"replies":[{"embeddable":true,"href":"https:\/\/if.uek.krakow.pl\/kbgsf\/wp-json\/wp\/v2\/comments?post=9001"}],"version-history":[{"count":1,"href":"https:\/\/if.uek.krakow.pl\/kbgsf\/wp-json\/wp\/v2\/pages\/9001\/revisions"}],"predecessor-version":[{"id":9002,"href":"https:\/\/if.uek.krakow.pl\/kbgsf\/wp-json\/wp\/v2\/pages\/9001\/revisions\/9002"}],"wp:attachment":[{"href":"https:\/\/if.uek.krakow.pl\/kbgsf\/wp-json\/wp\/v2\/media?parent=9001"}],"curies":[{"name":"wp","href":"https:\/\/api.w.org\/{rel}","templated":true}]}}