{"id":221,"date":"2025-10-13T13:18:21","date_gmt":"2025-10-13T11:18:21","guid":{"rendered":"https:\/\/institutes.uek.krakow.pl\/kfpub\/?page_id=221"},"modified":"2025-10-13T13:20:12","modified_gmt":"2025-10-13T11:20:12","slug":"katedralny-pelnomocnik-ds-osob-z-niepelnosprawnosciami","status":"publish","type":"page","link":"https:\/\/if.uek.krakow.pl\/kfpub\/studenci\/katedralny-pelnomocnik-ds-osob-z-niepelnosprawnosciami\/","title":{"rendered":"Katedralny Pe\u0142nomocnik ds. os\u00f3b z Niepe\u0142nosprawno\u015bciami"},"content":{"rendered":"\n<p>Katedralnym Pe\u0142nomocnikiem ds. os\u00f3b z niepe\u0142nosprawno\u015bciami w Katedrze Finans\u00f3w Publicznych jest&nbsp;&nbsp;<strong>dr Katarzna Maj-Serwatka.<\/strong><\/p>\n\n\n\n<p class=\"has-keif-secondary-color has-text-color has-link-color wp-elements-24f5946663b82c8426af4783232079f9\">Kontakt z&nbsp;<a href=\"https:\/\/e-uczelnia.uek.krakow.pl\/course\/view.php?id=451\" target=\"_blank\" rel=\"noreferrer noopener\"><strong>Pe\u0142nomocnikiem ds. os\u00f3b z niepe\u0142nosprawno\u015bciami w Katedrze Finans\u00f3w Publicznych<\/strong><\/a><\/p>\n","protected":false},"excerpt":{"rendered":"<p>Katedralnym Pe\u0142nomocnikiem ds. os\u00f3b z niepe\u0142nosprawno\u015bciami w Katedrze Finans\u00f3w Publicznych jest&nbsp;&nbsp;dr Katarzna Maj-Serwatka. Kontakt z&nbsp;Pe\u0142nomocnikiem ds. os\u00f3b z niepe\u0142nosprawno\u015bciami w Katedrze Finans\u00f3w Publicznych<\/p>\n","protected":false},"author":2,"featured_media":0,"parent":170,"menu_order":0,"comment_status":"closed","ping_status":"closed","template":"","meta":{"_acf_changed":false,"footnotes":""},"class_list":["post-221","page","type-page","status-publish","hentry"],"acf":[],"_links":{"self":[{"href":"https:\/\/if.uek.krakow.pl\/kfpub\/wp-json\/wp\/v2\/pages\/221","targetHints":{"allow":["GET"]}}],"collection":[{"href":"https:\/\/if.uek.krakow.pl\/kfpub\/wp-json\/wp\/v2\/pages"}],"about":[{"href":"https:\/\/if.uek.krakow.pl\/kfpub\/wp-json\/wp\/v2\/types\/page"}],"author":[{"embeddable":true,"href":"https:\/\/if.uek.krakow.pl\/kfpub\/wp-json\/wp\/v2\/users\/2"}],"replies":[{"embeddable":true,"href":"https:\/\/if.uek.krakow.pl\/kfpub\/wp-json\/wp\/v2\/comments?post=221"}],"version-history":[{"count":3,"href":"https:\/\/if.uek.krakow.pl\/kfpub\/wp-json\/wp\/v2\/pages\/221\/revisions"}],"predecessor-version":[{"id":225,"href":"https:\/\/if.uek.krakow.pl\/kfpub\/wp-json\/wp\/v2\/pages\/221\/revisions\/225"}],"up":[{"embeddable":true,"href":"https:\/\/if.uek.krakow.pl\/kfpub\/wp-json\/wp\/v2\/pages\/170"}],"wp:attachment":[{"href":"https:\/\/if.uek.krakow.pl\/kfpub\/wp-json\/wp\/v2\/media?parent=221"}],"curies":[{"name":"wp","href":"https:\/\/api.w.org\/{rel}","templated":true}]}}