{"id":200,"date":"2025-10-21T10:09:04","date_gmt":"2025-10-21T08:09:04","guid":{"rendered":"https:\/\/institutes.uek.krakow.pl\/kfrz\/?page_id=200"},"modified":"2025-10-21T10:12:35","modified_gmt":"2025-10-21T08:12:35","slug":"seminarium-dla-studentow","status":"publish","type":"page","link":"https:\/\/if.uek.krakow.pl\/kfrz\/studenci\/seminarium-dla-studentow\/","title":{"rendered":"Seminarium dla\u00a0student\u00f3w"},"content":{"rendered":"\n<h2 class=\"wp-block-heading has-keif-secondary-color has-text-color has-link-color wp-elements-e4f85b8902cddf637b9f37526276a349\">Dr hab. Ma\u0142gorzata Ko\u017cuch, Prof. UEK<\/h2>\n\n\n\n<ul class=\"wp-block-list\">\n<li>Rola instrument\u00f3w ekonomicznych w stymulowaniu ochrony \u015brodowiska<\/li>\n\n\n\n<li>Finansowanie inwestycji ochrony \u015brodowiska w przedsi\u0119biorstwie<\/li>\n\n\n\n<li>Obowi\u0105zki przedsi\u0119biorc\u00f3w w zakresie ochrony \u015brodowiska<\/li>\n\n\n\n<li>Zadania zwi\u0105zane z ochron\u0105 \u015brodowiska na szczeblu samorz\u0105du gminnego<\/li>\n\n\n\n<li>Rola funduszy z UE w finansowaniu infrastruktury w gminie<\/li>\n\n\n\n<li>Przes\u0142anki i sposoby restrukturyzacji przedsi\u0119biorstw<\/li>\n\n\n\n<li>Instrumenty i przeznaczenie pomocy publicznej<\/li>\n\n\n\n<li>Wykorzystanie narz\u0119dzi analizy finansowej do oceny kondycji przedsi\u0119biorstwa<\/li>\n\n\n\n<li>Za\u0142o\u017cenia spo\u0142ecznej odpowiedzialno\u015bci biznesu i instrumenty jej realizacji w praktyce gospodarczej<\/li>\n<\/ul>\n\n\n\n<div style=\"height:40px\" aria-hidden=\"true\" class=\"wp-block-spacer\"><\/div>\n\n\n\n<h2 class=\"wp-block-heading has-keif-secondary-color has-text-color has-link-color wp-elements-fa65bd066bdb693f4e1ed46d126082b7\">Dr hab. Piotr Pawe\u0142 Ma\u0142ecki, Prof. UEK<\/h2>\n\n\n\n<ul class=\"wp-block-list\">\n<li>Finanse jednostek samorz\u0105du terytorialnego<\/li>\n\n\n\n<li>Podatki i op\u0142aty lokalne<\/li>\n\n\n\n<li>Op\u0142acalno\u015b\u0107 projekt\u00f3w inwestycyjnych finansowanych ze \u015brodk\u00f3w publicznych<\/li>\n\n\n\n<li>Programy ochrony \u015brodowiska w samorz\u0105dach<\/li>\n\n\n\n<li>Finansowanie projekt\u00f3w inwestycyjnych w ochronie \u015brodowiska w przedsi\u0119biorstwach i samorz\u0105dach<\/li>\n\n\n\n<li>Podatki i op\u0142aty ekologiczne w przedsi\u0119biorstwach i samorz\u0105dach<\/li>\n\n\n\n<li>Pozyskiwanie \u015brodk\u00f3w z UE na przedsi\u0119wzi\u0119cia w ochronie \u015brodowiska i inne infrastrukturalne<\/li>\n\n\n\n<li>Ocena efektywno\u015bci ekonomicznej przedsi\u0119wzi\u0119\u0107 w ochronie \u015brodowiska<\/li>\n\n\n\n<li>Ekonomiczna i ekologiczna efektywno\u015b\u0107 wykorzystywania odnawialnych \u017ar\u00f3de\u0142 energii<\/li>\n\n\n\n<li>Instrumenty ekonomiczne polityki ekologicznej<\/li>\n\n\n\n<li>\u0179r\u00f3d\u0142a finansowania ochrony \u015brodowiska<\/li>\n\n\n\n<li>Zarz\u0105dzanie \u015brodowiskowe w przedsi\u0119biorstwach<\/li>\n\n\n\n<li>Rachunek koszt\u00f3w ochrony i korzystania ze \u015brodowiska w przedsi\u0119biorstwach oraz w gospodarce narodowej<\/li>\n\n\n\n<li>Statystyka ochrony i korzystania ze \u015brodowiska<\/li>\n<\/ul>\n\n\n\n<div style=\"height:40px\" aria-hidden=\"true\" class=\"wp-block-spacer\"><\/div>\n\n\n\n<h2 class=\"wp-block-heading has-keif-secondary-color has-text-color has-link-color wp-elements-76cbedafa8c6f0ddce88ce1a5a2dd5b0\">Dr Ksymena Rosiek<\/h2>\n\n\n\n<ul class=\"wp-block-list\">\n<li>Instrumenty polityki gospodarczej w ochronie \u015brodowiska i gospodarce wodnej<\/li>\n\n\n\n<li>Ekonomiczne i finansowe aspekty gospodarowania zasobami<\/li>\n\n\n\n<li>Ekonomiczne aspekty gospodarowania wodami<\/li>\n\n\n\n<li>Ekologiczne aspekty zarz\u0105dzania przestrzeni\u0105 miejsk\u0105<\/li>\n\n\n\n<li>Zasady rozwoju zr\u00f3wnowa\u017conego w strategii i dzia\u0142aniu jednostek samorz\u0105du terytorialnego<\/li>\n\n\n\n<li>Ocena efektywno\u015bci i skuteczno\u015bci przedsi\u0119wzi\u0119\u0107 generuj\u0105cych efekty dla spo\u0142ecze\u0144stwa i \u015brodowiska<\/li>\n\n\n\n<li>Koszty \u015brodowiskowe, zielony controlling, zielona rachunkowo\u015b\u0107<\/li>\n<\/ul>\n\n\n\n<div style=\"height:40px\" aria-hidden=\"true\" class=\"wp-block-spacer\"><\/div>\n\n\n\n<h2 class=\"wp-block-heading has-keif-secondary-color has-text-color has-link-color wp-elements-3a075f75a5a3e7745b9d77ab693a22da\">Dr Renata \u017baba-Nieroda<\/h2>\n\n\n\n<ul class=\"wp-block-list\">\n<li>Strategie rozwoju i restrukturyzacji przedsi\u0119biorstw<\/li>\n\n\n\n<li>\u0179r\u00f3d\u0142a finansowania przedsi\u0119biorstw<\/li>\n\n\n\n<li>Analiza finansowa przedsi\u0119biorstw<\/li>\n\n\n\n<li>Analiza i ocena kondycji finansowej przedsi\u0119biorstw<\/li>\n\n\n\n<li>Restrukturyzacja przedsi\u0119biorstw<\/li>\n\n\n\n<li>\u0179r\u00f3d\u0142a finansowania ochrony \u015brodowiska<\/li>\n\n\n\n<li>Zarz\u0105dzanie \u015brodowiskowe w przedsi\u0119biorstwach<\/li>\n<\/ul>\n\n\n\n<div style=\"height:40px\" aria-hidden=\"true\" class=\"wp-block-spacer\"><\/div>\n\n\n\n<h2 class=\"wp-block-heading has-keif-secondary-color has-text-color has-link-color wp-elements-606aeaf09beb75504581baffed4e2f6e\">Dr Krzysztof W\u0105sowicz<\/h2>\n\n\n\n<ul class=\"wp-block-list\">\n<li>Analiza i ocena kondycji finansowej przedsi\u0119biorstw<\/li>\n\n\n\n<li>Strategie rozwoju i restrukturyzacja przedsi\u0119biorstw<\/li>\n\n\n\n<li>Zarzadzanie finansami przedsi\u0119biorstw<\/li>\n\n\n\n<li>Ocena projekt\u00f3w gospodarczych i inwestycyjnych<\/li>\n\n\n\n<li>Przedsi\u0119biorstwa u\u017cyteczno\u015bci publicznej<\/li>\n\n\n\n<li>Przedsi\u0119biorczo\u015b\u0107 komunalna<\/li>\n\n\n\n<li>Zarz\u0105dzanie rozwojem organizacji przedsi\u0119biorstw<\/li>\n\n\n\n<li>Za\u0142o\u017cenia spo\u0142ecznej odpowiedzialno\u015bci biznesu i instrumenty jej realizacji w praktyce gospodarczej<\/li>\n\n\n\n<li>Finansowania dzia\u0142alno\u015bci i rozwoju przedsi\u0119biorstw<\/li>\n<\/ul>\n\n\n\n<div style=\"height:40px\" aria-hidden=\"true\" class=\"wp-block-spacer\"><\/div>\n\n\n\n<h2 class=\"wp-block-heading has-keif-secondary-color has-text-color has-link-color wp-elements-9bc3269762b22c065104313cb3aa9ddd\">Dr Agnieszka Mazurek-Czarnecka<\/h2>\n\n\n\n<ul class=\"wp-block-list\">\n<li>Pomocy publicznej dla przedsi\u0119biorc\u00f3w oraz jej skuteczno\u015bci<\/li>\n\n\n\n<li>Finansowania dzia\u0142alno\u015bci i rozwoju przedsi\u0119biorstw<\/li>\n\n\n\n<li>Analizy ekonomiczno-finansowej przedsi\u0119biorstw<\/li>\n\n\n\n<li>Restrukturyzacji rozwojowej przedsi\u0119biorstw<\/li>\n\n\n\n<li>Procedur i zasad pozyskania pomocy publicznej dla przedsi\u0119biorc\u00f3w<\/li>\n\n\n\n<li>Efektywno\u015bci projekt\u00f3w gospodarczych oraz inwestycyjnych<\/li>\n\n\n\n<li>Przedsi\u0119biorczo\u015bci oraz jej wp\u0142ywu na rozw\u00f3j przedsi\u0119biorstwa<\/li>\n\n\n\n<li>System\u00f3w zarz\u0105dzania \u015brodowiskowego w przedsi\u0119biorstwie<\/li>\n\n\n\n<li>Wykorzystanie metody ci\u0105g\u0142ego doskonalenia Kaizen (Lean Managment) w przedsi\u0119biorstwach i nie tylko.<\/li>\n<\/ul>\n","protected":false},"excerpt":{"rendered":"<p>Dr hab. Ma\u0142gorzata Ko\u017cuch, Prof. UEK Dr hab. Piotr Pawe\u0142 Ma\u0142ecki, Prof. UEK Dr Ksymena Rosiek Dr Renata \u017baba-Nieroda Dr Krzysztof W\u0105sowicz Dr Agnieszka Mazurek-Czarnecka<\/p>\n","protected":false},"author":2,"featured_media":0,"parent":170,"menu_order":0,"comment_status":"closed","ping_status":"closed","template":"","meta":{"_acf_changed":false,"footnotes":""},"class_list":["post-200","page","type-page","status-publish","hentry"],"acf":[],"_links":{"self":[{"href":"https:\/\/if.uek.krakow.pl\/kfrz\/wp-json\/wp\/v2\/pages\/200","targetHints":{"allow":["GET"]}}],"collection":[{"href":"https:\/\/if.uek.krakow.pl\/kfrz\/wp-json\/wp\/v2\/pages"}],"about":[{"href":"https:\/\/if.uek.krakow.pl\/kfrz\/wp-json\/wp\/v2\/types\/page"}],"author":[{"embeddable":true,"href":"https:\/\/if.uek.krakow.pl\/kfrz\/wp-json\/wp\/v2\/users\/2"}],"replies":[{"embeddable":true,"href":"https:\/\/if.uek.krakow.pl\/kfrz\/wp-json\/wp\/v2\/comments?post=200"}],"version-history":[{"count":2,"href":"https:\/\/if.uek.krakow.pl\/kfrz\/wp-json\/wp\/v2\/pages\/200\/revisions"}],"predecessor-version":[{"id":203,"href":"https:\/\/if.uek.krakow.pl\/kfrz\/wp-json\/wp\/v2\/pages\/200\/revisions\/203"}],"up":[{"embeddable":true,"href":"https:\/\/if.uek.krakow.pl\/kfrz\/wp-json\/wp\/v2\/pages\/170"}],"wp:attachment":[{"href":"https:\/\/if.uek.krakow.pl\/kfrz\/wp-json\/wp\/v2\/media?parent=200"}],"curies":[{"name":"wp","href":"https:\/\/api.w.org\/{rel}","templated":true}]}}