{"id":1874,"date":"2025-10-13T14:04:26","date_gmt":"2025-10-13T12:04:26","guid":{"rendered":"https:\/\/institutes.uek.krakow.pl\/krachf\/?page_id=1874"},"modified":"2025-10-13T14:04:26","modified_gmt":"2025-10-13T12:04:26","slug":"praktyki-studenckie","status":"publish","type":"page","link":"https:\/\/if.uek.krakow.pl\/krachf\/studenci\/praktyki-studenckie\/","title":{"rendered":"Praktyki studenckie"},"content":{"rendered":"\n<p><strong>Najwa\u017cniejsze informacje:<\/strong><\/p>\n\n\n\n<ul class=\"wp-block-list\">\n<li>Praktyka odbywa si\u0119 na podstawie umowy tr\u00f3jstronnej: student \u2013 Uniwersytet \u2013 Organizator praktyki.<\/li>\n\n\n\n<li>Mo\u017cliwe jest zaliczenie pracy zawodowej, sta\u017cu lub wolontariatu jako praktyki studenckiej, o ile spe\u0142niaj\u0105 one cele kszta\u0142cenia okre\u015blone w programie studi\u00f3w.<\/li>\n\n\n\n<li>Procedura odbywa si\u0119 w systemie EOD, gdzie student sk\u0142ada wniosek, za\u0142\u0105cza wymagane dokumenty oraz uzyskuje zaliczenie.<\/li>\n\n\n\n<li>Student zobowi\u0105zany jest do wykupienia ubezpieczenia OC i NNW na czas trwania praktyki.<\/li>\n\n\n\n<li>Praktyka co do zasady jest nieodp\u0142atna, chyba \u017ce Organizator zdecyduje inaczej \u2013 wtedy umowa finansowa zawierana jest bez udzia\u0142u Uniwersytetu.<\/li>\n<\/ul>\n\n\n\n<p>Szczeg\u00f3\u0142owe informacje, wzory dokument\u00f3w oraz instrukcja post\u0119powania dost\u0119pne s\u0105 w systemie EOD.<\/p>\n\n\n\n<p>W sprawach techniczno-organizacyjnych, w tym zwi\u0105zanych z funkcjonowaniem systemu EOD prosimy si\u0119 kontaktowa\u0107 z Centrum Obs\u0142ugi Student\u00f3w<\/p>\n\n\n\n<p>W sprawach merytorycznych dotycz\u0105cych praktyk prosimy o kontakt z wyznaczonymi opiekunami praktyk.<\/p>\n","protected":false},"excerpt":{"rendered":"<p>Studenckie praktyki zawodowe na Uniwersytecie Ekonomicznym w Krakowie s\u0105 obowi\u0105zkowym elementem programu studi\u00f3w. Ich celem jest zdobycie praktycznych umiej\u0119tno\u015bci i do\u015bwiadczenia zawodowego zgodnego z kierunkiem kszta\u0142cenia.<\/p>\n","protected":false},"author":1,"featured_media":0,"parent":170,"menu_order":0,"comment_status":"closed","ping_status":"closed","template":"","meta":{"_acf_changed":false,"footnotes":""},"class_list":["post-1874","page","type-page","status-publish","hentry"],"acf":[],"_links":{"self":[{"href":"https:\/\/if.uek.krakow.pl\/krachf\/wp-json\/wp\/v2\/pages\/1874","targetHints":{"allow":["GET"]}}],"collection":[{"href":"https:\/\/if.uek.krakow.pl\/krachf\/wp-json\/wp\/v2\/pages"}],"about":[{"href":"https:\/\/if.uek.krakow.pl\/krachf\/wp-json\/wp\/v2\/types\/page"}],"author":[{"embeddable":true,"href":"https:\/\/if.uek.krakow.pl\/krachf\/wp-json\/wp\/v2\/users\/1"}],"replies":[{"embeddable":true,"href":"https:\/\/if.uek.krakow.pl\/krachf\/wp-json\/wp\/v2\/comments?post=1874"}],"version-history":[{"count":1,"href":"https:\/\/if.uek.krakow.pl\/krachf\/wp-json\/wp\/v2\/pages\/1874\/revisions"}],"predecessor-version":[{"id":1875,"href":"https:\/\/if.uek.krakow.pl\/krachf\/wp-json\/wp\/v2\/pages\/1874\/revisions\/1875"}],"up":[{"embeddable":true,"href":"https:\/\/if.uek.krakow.pl\/krachf\/wp-json\/wp\/v2\/pages\/170"}],"wp:attachment":[{"href":"https:\/\/if.uek.krakow.pl\/krachf\/wp-json\/wp\/v2\/media?parent=1874"}],"curies":[{"name":"wp","href":"https:\/\/api.w.org\/{rel}","templated":true}]}}